f 1069?
False
Does 10 divide 843?
False
Is 21244 a multiple of 191?
False
Does 39 divide 35334?
True
Does 20 divide 4246?
False
Is 7 a factor of 35?
True
Is 46 a factor of 1086?
False
Is 976 a multiple of 16?
True
Is 16 a factor of 3942?
False
Is 1224 a multiple of 17?
True
Is 87 a factor of 6873?
True
Is 70 a factor of 2520?
True
Is 729 a multiple of 81?
True
Does 20 divide 22560?
True
Does 23 divide 9936?
True
Does 60 divide 360?
True
Does 25 divide 1349?
False
Does 48 divide 3350?
False
Is 49616 a multiple of 16?
True
Does 3 divide 705?
True
Does 146 divide 7044?
False
Does 17 divide 19977?
False
Is 11 a factor of 2484?
False
Is 6543 a multiple of 34?
False
Is 1139 a multiple of 68?
False
Does 3 divide 1699?
False
Is 12 a factor of 948?
True
Does 7 divide 308?
True
Is 3748 a multiple of 75?
False
Is 361 a factor of 61206?
False
Does 108 divide 32724?
True
Is 956 a multiple of 10?
False
Is 401 a factor of 140350?
True
Is 13332 a multiple of 22?
True
Is 19773 a multiple of 13?
True
Does 193 divide 21616?
True
Is 5 a factor of 422?
False
Is 138 a factor of 5106?
True
Is 972 a multiple of 27?
True
Is 46 a factor of 114724?
True
Does 24 divide 60744?
True
Is 613 a multiple of 4?
False
Is 28 a factor of 115752?
True
Is 74 a factor of 22274?
True
Does 17 divide 29935?
False
Does 5 divide 265?
True
Is 6150 a multiple of 82?
True
Is 6 a factor of 24?
True
Is 83 a factor of 20418?
True
Does 30 divide 70890?
True
Does 9 divide 654?
False
Is 935 a multiple of 5?
True
Is 624 a multiple of 13?
True
Is 121 a factor of 52756?
True
Is 4906 a multiple of 208?
False
Is 31 a factor of 2108?
True
Is 189 a factor of 29231?
False
Is 2704 a multiple of 33?
False
Does 4 divide 5785?
False
Does 7 divide 319?
False
Is 15 a factor of 870?
True
Does 66 divide 1518?
True
Does 4 divide 56?
True
Does 16 divide 4640?
True
Is 45398 a multiple of 70?
False
Does 20 divide 43?
False
Is 20 a factor of 36080?
True
Does 25 divide 25863?
False
Does 8 divide 347?
False
Does 12 divide 804?
True
Is 12 a factor of 396?
True
Is 1800 a multiple of 45?
True
Does 121 divide 19903?
False
Is 8 a factor of 1205?
False
Does 116 divide 4919?
False
Does 16 divide 2312?
False
Is 3300 a multiple of 30?
True
Does 23 divide 1338?
False
Is 320 a multiple of 8?
True
Does 29 divide 11542?
True
Does 29 divide 1339?
False
Is 4393 a multiple of 47?
False
Does 53 divide 2677?
False
Does 96 divide 14278?
False
Does 4 divide 836?
True
Is 65398 a multiple of 17?
False
Is 19459 a multiple of 156?
False
Does 10 divide 374?
False
Is 3358 a multiple of 46?
True
Is 2653 a multiple of 5?
False
Does 275 divide 73356?
False
Is 1469 a multiple of 13?
True
Does 14 divide 34041?
False
Is 38468 a multiple of 306?
False
Is 106 a multiple of 15?
False
Is 195 a multiple of 50?
False
Is 361 a multiple of 60?
False
Is 10 a factor of 550?
True
Is 19 a factor of 783?
False
Is 1918 a multiple of 14?
True
Is 1285 a multiple of 80?
False
Is 4530 a multiple of 30?
True
Is 2178 a multiple of 6?
True
Is 8 a factor of 888?
True
Is 3705 a multiple of 101?
False
Is 118 a multiple of 27?
False
Does 16 divide 380?
False
Does 14 divide 5014?
False
Does 7 divide 273?
True
Is 3 a factor of 2881?
False
Is 3612 a multiple of 43?
True
Is 75 a multiple of 25?
True
Does 15 divide 315?
True
Is 34000 a multiple of 80?
True
Is 3146 a multiple of 13?
True
Is 180 a multiple of 4?
True
Does 37 divide 3369?
False
Is 48 a factor of 7659?
False
Is 315 a multiple of 7?
True
Is 17276 a multiple of 14?
True
Is 14004 a multiple of 13?
False
Is 108 a factor of 324?
True
Is 124 a factor of 4817?
False
Does 111 divide 9500?
False
Is 24255 a multiple of 147?
True
Is 625 a multiple of 49?
False
Is 25 a factor of 12282?
False
Does 47 divide 1739?
True
Is 5 a factor of 1197?
False
Does 8 divide 5096?
True
Is 6 a factor of 7309?
False
Is 215 a factor of 20640?
True
Is 106 a factor of 2353?
False
Is 34960 a multiple of 115?
True
Is 33308 a multiple of 80?
False
Does 12 divide 432?
True
Is 37408 a multiple of 47?
False
Is 9 a multiple of 5?
False
Does 83 divide 15962?
False
Is 20 a factor of 2860?
True
Does 26 divide 21159?
False
Does 2 divide 663?
False
Does 8 divide 808?
True
Is 18717 a multiple of 14?
False
Is 46738 a multiple of 107?
False
Does 63 divide 1043?
False
Is 6362 a multiple of 17?
False
Does 58 divide 821?
False
Is 1534 a multiple of 13?
True
Does 29 divide 21112?
True
Does 53 divide 18439?
False
Does 2 divide 159?
False
Is 73584 a multiple of 126?
True
Does 17 divide 376?
False
Does 78 divide 858?
True
Does 50 divide 1250?
True
Does 12 divide 8568?
True
Is 10318 a multiple of 14?
True
Is 1881 a multiple of 33?
True
Is 16 a factor of 7328?
True
Is 65886 a multiple of 139?
True
Is 1060 a multiple of 7?
False
Is 1013 a multiple of 61?
False
Is 17 a factor of 4981?
True
Is 119 a factor of 8330?
True
Does 13 divide 1022?
False
Is 740 a multiple of 29?
False
Is 33264 a multiple of 22?
True
Does 10 divide 6623?
False
Is 3667 a multiple of 19?
True
Is 10017 a multiple of 5?
False
Is 14 a factor of 155017?
False
Is 9975 even?
False
Is 3237 a multiple of 13?
True
Is 303 a factor of 95748?
True
Is 442 a multiple of 34?
True
Does 34 divide 4658?
True
Is 3 a factor of 2802?
True
Does 23 divide 13386?
True
Does 132 divide 3696?
True
Does 6 divide 252?
True
Does 30 divide 3480?
True
Is 14 a factor of 1008?
True
Does 19 divide 5757?
True
Does 10 divide 11656?
False
Does 9 divide 97488?
True
Is 6 a factor of 6?
True
Is 2 a factor of 1767?
False
Is 737 a multiple of 23?
False
Is 946 a multiple of 43?
True
Is 17 a factor of 942?
False
Does 53 divide 22464?
False
Is 106288 a multiple of 52?
True
Is 77 a factor of 2387?
True
Is 4 a factor of 2458?
False
Is 7 a factor of 110?
False
Is 35 a factor of 6020?
True
Is 3276 a multiple of 234?
True
Does 29 divide 946?
False
Does 99 divide 3960?
True
Does 27 divide 1519?
False
Is 392 a multiple of 11?
False
Is 2353 a multiple of 6?
False
Is 110 a factor of 13200?
True
Does 11 divide 825?
True
Is 182 a multiple of 26?
True
Does 111 divide 1607?
False
Is 4018 a multiple of 7?
True
Is 21113 a multiple of 182?
False
Is 2 a factor of 87?
False
Does 14 divide 12352?
False
Is 3 a factor of 2010?
True
Is 31 a factor of 211?
False
Does 6 divide 1392?
True
Does 34 divide 149?
False
Is 550 a multiple of 22?
True
Is 17 a factor of 13616?
False
Is 11069 a multiple of 38?
False
Is 7224 a multiple of 12?
True
Does 59 divide 944?
True
Does 30 divide 760?
False
Is 538 a multiple of 47?
False
Does 14 divide 4424?
True
Does 13 divide 38715?
False
Is 35231 a multiple of 83?
False
Is 12 a factor of 504?
True
Is 3 a factor of 2836?
False
Does 6 divide 108?
True
Is 11760 a multiple of 56?
True
Is 22 a factor of 946?
True
Is 23 a factor of 1748?
True
Does 3 divide 393?
True
Is 5 a factor of 1316?
False
Does 16 divide 1744?
True
Does 10 divide 547?
False
Is 6334 a multiple of 4?
False
Does 15 divide 1541?
False
Is 235 a multiple of 6?
False
Does 39 divide 32599?
False
Does 16 divide 2992?
True
Does 14 divide 3027?
False
Does 63 divide 220?
False
Does 10 divide 190?
True
Is 885 a multiple of 11?
False
Does 13 divide 546?
True
Does 2 divide 950?
True
Is 615 a multiple of 50?
False
Does 21 divide 735?
True
Does 12 divide 348?
True
Does 9 divide 40?
False
Is 117234 a multiple of 18?
True
Is 967 a multiple of 15?
False
Is 14 a factor of 663?
False
Does 62 divide 345?
False
Is 21 a factor of 698?
False
Is 3 a factor of 93?
True
Is 126 a multiple of 9?
True
Is 24 a factor of 31920?
True
Does 17 divide 3006?
False
Is 16525 a multiple of 36?
False
Does 9 divide 3411?
True
Is 16 a factor of 1564?
False
Does 11 divide 11044?
True
Is 252 a multiple of 9?
True
Does 15 divide 1283?
False
Does 53 divide 1060?
True
Does 291 divide 48348?
False
Is 12415 a multiple of 172?
False
Is 5 a factor of 15190?
True
Is 7764 a multiple of 119?
False
Does 20 divide 28526?
False
Does 16 divide 4594?
False
Is 7 a factor of 1813?
True
Is 7 a factor of 588?
True
Does 20 divide 3115?
False
Does 21 divide 1116?
False
Does 16 divide 10931?
False
Is 6734 a multiple of 155?
False
Is 37 a factor of 25095?
False
Does 19 divide 2806?
False
Does 12 divide 10956?
True
Is 2277 a multiple of 33?
True
Is 2635 a multiple of 17?
True
Does 4 divide 376?
True
Does 108 divide 1907?
False
Is 39 a facto